p?
1
Suppose -k = -5*j + 3*k + 892, 0 = -2*j - 5*k + 370. Let t(y) = y**3 - 3*y**2 - 6*y + 8. Let o be t(4). Suppose o = v + 2*v - j. What is the units digit of v?
0
Suppose -70 = -6*k + 38. What is the tens digit of -1*3 + (-9)/k*-62?
2
Suppose -5*w - 2 = -5*g - 127, -3*g - 87 = 3*w. Let p = 5 - g. What is the units digit of p?
2
Let x = 799 + -804. Let m(u) = -u**3 + u**2 + u. Let s be m(0). What is the tens digit of (s - -1)/(x/(-80))?
1
Let r = -60 + 110. What is the tens digit of (-234 - 1)*(-10)/r?
4
Let b be 3*((-20)/(-12) + -1). Suppose -t + b = 2*n - 3, -t + 1 = 0. Suppose n*f + 75 = 4*c + 5*f, c - 5*f - 13 = 0. What is the units digit of c?
8
Suppose 14 = -8*b - 2. Let p(y) = -11*y**3 - 6*y**2 - 4*y - 3. What is the units digit of p(b)?
9
Suppose 3*w + 25 + 11 = 0. What is the hundreds digit of 6*6/w*209/(-3)?
2
Suppose c + 4*c - 75 = 0. Suppose -23*p + 308 = -p. Let r = c - p. What is the units digit of r?
1
Suppose -5*t + 455 = -3*h - 2*h, 5*t = 4*h + 454. What is the units digit of (-4)/10 - (-2916)/t?
2
Let u(g) = -1. Let c(f) = -3*f**2 - f + 3. Let d(t) = c(t) + 3*u(t). Let m(j) = -1. Let v(a) = -d(a) + 6*m(a). What is the tens digit of v(-4)?
3
Suppose -10*h - 284 + 724 = 0. What is the tens digit of h?
4
Suppose -15*i + 941 = -4999. What is the tens digit of i?
9
Suppose 2*o - 378 = -3*j, -28 = 3*j + 3*o - 406. Let l = j + -196. Let h = l - -118. What is the tens digit of h?
4
Suppose 2*v = 6*v - 16. Suppose -5*w + 15 = -5*p, 4*p + 15 = -v*w - p. Suppose w = -5*b - 30 + 340. What is the tens digit of b?
6
Suppose -2*o - a = -595, 0 = o - 5*a - 146 - 157. What is the units digit of o?
8
Let d(m) = -2*m - 9. Suppose -k = 2*k - 6, 8 = -2*a - 5*k. Let b be d(a). Let s(n) = n**3 - 10*n**2 + 12*n - 3. What is the tens digit of s(b)?
2
Let s = 16 - -42. What is the tens digit of s?
5
Suppose v = j - 1276, -2*v - v - 1266 = -j. What is the tens digit of j?
8
Let x(d) = 89*d + 20. What is the units digit of x(2)?
8
Let i(r) = -5*r**3 + 21*r**2 - 5*r + 15. Let q(j) = j**3 + j - 1. Let l(u) = -i(u) - 4*q(u). What is the tens digit of l(21)?
1
Suppose 0 = 5*c - 2*g - 12, 2*c + g - 4*g = 7. Let n be (476/(-136))/((-2)/((-4)/(-1))). Suppose c*u = n*u - 100. What is the tens digit of u?
2
Let k(x) be the first derivative of -7*x**3/6 - 9*x**2/2 - 7*x - 14. Let r(t) be the first derivative of k(t). What is the tens digit of r(-9)?
5
Suppose -3*i - 3*u + 9 = 0, 15 = 3*i + 4*u + 5. Let w(s) = -3*s**2 + 111*s + 121. Let t be w(38). Suppose -280 = -t*p + i*p. What is the tens digit of p?
5
Suppose -8*a + 8135 = -3*a. What is the units digit of a?
7
Suppose 0*s + 2*t = -2*s - 72, 0 = 4*s + t + 147. Let d = 16 + s. What is the units digit of 3/(-7) + (-240)/d?
1
Suppose -3*m + 7*r + 183 = 12*r, 5*m + 5*r = 305. Suppose 12*p - 3337 = -m. What is the tens digit of p?
7
Let m = -1531 + 2202. What is the tens digit of m?
7
Let w(l) = 1 + 9*l**2 - 5*l**3 + 4*l**3 + 18 - 6 - 2*l. Let o be w(9). What is the tens digit of 12*4/(-16)*o?
1
What is the tens digit of 1350 + (1/(-3))/(2/(-18))?
5
What is the tens digit of (-72)/(-48)*((-241)/(-3) + -1)?
1
Let f be -1*(-9)/(4 - 1). What is the tens digit of -1 - (-44)/(3/f)?
4
Let c = 0 - -4. What is the tens digit of 2/(-1) + c - (11 + -143)?
3
Suppose -2*u + 10221 = 2*x + u, -3*x = -3*u - 15339. What is the hundreds digit of x?
1
Suppose -t + p = 2*t - 1622, 5*p = -10. What is the units digit of t?
0
Suppose 2*g - 23 = -5*r, -2 = 5*g - 3*g. Suppose -1 = y - 6, -m + r*y = 21. Suppose -m*a = -j - 50, 4*a = 3*j + 9 + 45. What is the units digit of a?
2
Let q = -1555 + 3593. What is the thousands digit of q?
2
Let r = 294 + -36. What is the hundreds digit of r?
2
Let z = 4 - -6. What is the tens digit of (z + -1)/(1/44*6)?
6
Let l = 408 + -285. What is the hundreds digit of l?
1
Suppose 3*p + 8 = -4*t + 5, 5*p = 3*t + 24. Suppose -p*q + 4*u = 9 - 491, u = -4*q + 611. What is the tens digit of q?
5
Let h = -168 - -271. What is the units digit of h?
3
Let t = 24 - -135. What is the hundreds digit of t?
1
Suppose -7*o + 1149 + 7692 = 0. What is the hundreds digit of o?
2
Suppose -4*j = -10 - 2. Suppose -4*i + 147 = j*i. What is the units digit of i?
1
Let h(w) be the second derivative of w**3/6 - 4*w**2 + 5*w. Let z be h(11). Suppose 2*l + z*l - 315 = 0. What is the tens digit of l?
6
Let f(s) = 3*s - 16. Let d be f(7). Suppose 0 = d*o + 2*z - 4*z + 4, o = -3*z + 6. Suppose -j + o*j = -2. What is the units digit of j?
2
Let k = -7 + -1. Let v be (-225)/(-20) - (-2)/k. Suppose -2*a = 3*x - 35, 4*x + 19 = 5*a - v. What is the tens digit of a?
1
Let i = -31 + 31. Suppose 5*d - 335 = -i*d. What is the units digit of d?
7
Suppose -i = 9*i - 3930. What is the units digit of i?
3
Suppose -6*a + 663 = -4035. What is the tens digit of a?
8
Suppose 0 = -5*g - 5*v + 10, 0*v + 6 = 5*g + v. Let l = g + 3. Suppose k = 4*p - 85 - 36, -l*k + 125 = 5*p. What is the units digit of p?
9
Suppose 0 = -r + 3*u - 65 - 2, 0 = -3*r + u - 193. What is the units digit of (400/r)/(1/(-12))?
5
Suppose -4*w + 3*q - 5*q = -1970, 0 = -4*w + 4*q + 1964. What is the tens digit of w?
9
What is the units digit of (3/(9/3034))/(418/1881)?
1
Let r(h) = -h**2 - h - 3. Let x be r(3). Suppose j = 2 + 4. What is the units digit of 9/15 - j/x?
1
Let t = -4 + 12. Let j(a) = a - 12. Let x be j(t). What is the units digit of x/18 - (-11)/9?
1
Let l(f) = -127*f - 15. What is the units digit of l(-5)?
0
Let x(r) = 13*r - 73. What is the units digit of x(10)?
7
Let j(s) = 7*s**2 - s + 4. What is the hundreds digit of j(8)?
4
Suppose 5*m = -1 + 511. Suppose 3*z + 16 - 183 = -d, 3*d - m = -2*z. What is the tens digit of z?
5
Let r be 1/10*(-150)/(-20)*-8. Let l = 31 + r. What is the units digit of l?
5
Let p = 1 - 2. Let a be (3 - -7)/2*p. What is the units digit of (-47)/(-5) + (-3)/a?
0
Suppose -w = -3*p - 0*p + 79, 3*w + 29 = p. What is the tens digit of 1/3*3 + p?
2
Suppose -2*p + 202 = -4*o, -2*o + 7*o = 4*p - 416. What is the tens digit of p?
0
Let v = -72 + 66. What is the tens digit of v*(375/(-9) + 3)?
3
Suppose -35 = -5*d - 0*d. Suppose 3*m - 5*j - 32 = 0, -2*j = 3 - d. Suppose 2*x = 4*x - m. What is the units digit of x?
7
Let i(j) = -j**3 - 46*j**2 + 50*j + 284. What is the units digit of i(-48)?
2
Let s(x) = 109*x - 39. What is the tens digit of s(15)?
9
Let w(z) = -184*z**3 - 21*z**2 - 5*z - 8. What is the units digit of w(-2)?
0
Let m be 38 - (-4)/((-8)/(-6)). Let p = m - -22. What is the tens digit of p?
6
Let o = -523 + 889. What is the tens digit of o?
6
Suppose 0 = 5*f + 2*m - 9, -2*f + m + 3 = -6. Suppose -4*t + 3044 = 4*o, 0 = t + 2*o + 3*o - 765. What is the units digit of t/(-30)*f/(-2)?
8
What is the units digit of ((1 - 2) + -1)*78812/(-136)?
9
Let a(x) = -x**2 + 3*x + 6. Suppose -13 = -5*s + 2. What is the units digit of a(s)?
6
Let i = 646 - 214. What is the hundreds digit of i?
4
Let m = 781 + -558. Let k = -156 + m. What is the tens digit of k?
6
Let x(r) = 3*r**2 - 6*r - 6. Let p be x(-4). Suppose 4*z = -3*c + p, 5*z = -5*c + 95 + 20. What is the tens digit of c?
2
Let a(j) = j + 2. Let o be a(3). Let p = -71 + 92. Suppose o*s = 5*u + 30, 0*s + s = 4*u + p. What is the units digit of s?
1
Let w = -311 + 182. Let i = -97 - w. What is the units digit of i?
2
Let u = -23 + 42. Let f(k) = -3*k - 51. Let c be f(-17). Suppose 0 = 4*j - 5*o - 67, c = -j - o + u. What is the tens digit of j?
1
Let m(l) = 3*l**2 - 9*l + 2. Let x(n) = -9 - 12*n + 1 + 11*n. Let a be x(-14). What is the tens digit of m(a)?
5
Let n = 19 - 14. Suppose -8*l = -n*l - 126. Let t = l + 12. What is the units digit of t?
4
Let k be -20 - 2 - 0/(-2). Let g = k - -26. What is the units digit of g?
4
Let z(i) = 7*i**2 - i. Let y be z(1). Let n = y - 5. Let g = n + 0. What is the units digit of g?
1
Suppose -3*f = 92 + 172. What is the units digit of -2 + 2 + -1 - f?
7
Let m(o) = 78*o**2 + 35*o + 227. What is the tens digit of m(-7)?
0
Let b = -577 + 1092. Let f = -360 + b. Suppose -2*c = 3*c + 2*g - f, 0 = -2*c + 3*g + 43. What is the units digit of c?
9
Suppose 13377 = 36*n - 5703. What is the units digit of n?
0
Suppose -3*y = -8*y + 20. Suppose 0*d = -y*d - 3*b + 336, -5*b = 2*d - 154. What is the units digit of d?
7
Suppose 2*a - 18 = -c + 3*c, -5*a - 2*c + 31 = 0. Le